1 prime?
False
Is 238045 a composite number?
True
Is 74131 a prime number?
True
Is 448139 composite?
False
Is 213 a composite number?
True
Is 10294 a composite number?
True
Is 125063 a prime number?
True
Is 12197 composite?
False
Is 44437 composite?
True
Is 4939 composite?
True
Is 49523 a composite number?
False
Is 407 a prime number?
False
Is 685 prime?
False
Is 324417 a prime number?
False
Is 32077 composite?
False
Is 205833 a prime number?
False
Is 18021 a prime number?
False
Is 26233 prime?
False
Is 86323 a composite number?
False
Is 30601 prime?
False
Is 21727 a composite number?
False
Is 718783 a prime number?
False
Is 24233 a composite number?
True
Is 819803 a prime number?
False
Is 176578 a composite number?
True
Is 4117 composite?
True
Is 19559 a prime number?
True
Is 93679 composite?
True
Is 4529 a composite number?
True
Is 893733 a prime number?
False
Is 734627 prime?
True
Is 2482747 prime?
True
Is 597847 a prime number?
False
Is 94201 a prime number?
True
Is 124633 a composite number?
False
Is 251 a composite number?
False
Is 26903 a prime number?
True
Is 159623 composite?
False
Is 36581 prime?
False
Is 2645639 a prime number?
True
Is 61879 a prime number?
True
Is 11441 a prime number?
False
Is 1219 a prime number?
False
Is 797659 prime?
False
Is 34123 a composite number?
False
Is 34849 composite?
False
Is 29101 a prime number?
True
Is 1058653 a prime number?
True
Is 14447 composite?
False
Is 15229 composite?
True
Is 1469341 prime?
True
Is 26141 a composite number?
False
Is 629363 a composite number?
True
Is 8069 a prime number?
True
Is 23251 prime?
True
Is 2315471 a prime number?
True
Is 10221 composite?
True
Is 57097 a composite number?
False
Is 11581 a composite number?
True
Is 89959 a composite number?
False
Is 23159 composite?
False
Is 274661 prime?
True
Is 2053 prime?
True
Is 5261 a composite number?
False
Is 13009 a prime number?
True
Is 5513 a composite number?
True
Is 3207733 a prime number?
True
Is 54907 composite?
False
Is 828517 composite?
False
Is 109885 prime?
False
Is 29927 composite?
False
Is 107867 a composite number?
False
Is 1671907 a composite number?
False
Is 20555 prime?
False
Is 3466 a composite number?
True
Is 505 composite?
True
Is 9941 a composite number?
False
Is 44633 composite?
False
Is 4553 composite?
True
Is 2251 a prime number?
True
Is 84379 prime?
False
Is 87 a composite number?
True
Is 4137397 a composite number?
True
Is 25111 composite?
False
Is 630349 a prime number?
True
Is 128461 prime?
True
Is 145177 a composite number?
False
Is 74659 a prime number?
False
Is 5411 prime?
False
Is 37139 composite?
False
Is 88337 prime?
True
Is 919301 composite?
False
Is 62229 prime?
False
Is 907 a prime number?
True
Is 4395697 a prime number?
True
Is 3659 prime?
True
Is 105793 prime?
False
Is 81905 prime?
False
Is 8329 a prime number?
True
Is 93593 composite?
True
Is 37057 a prime number?
True
Is 78049 prime?
True
Is 851 prime?
False
Is 144133 a prime number?
False
Is 30374 composite?
True
Is 173501 a composite number?
False
Is 641 prime?
True
Is 67579 prime?
True
Is 11062 a composite number?
True
Is 18671 a composite number?
False
Is 4397 a composite number?
False
Is 53123 prime?
False
Is 179954 composite?
True
Is 6679 prime?
True
Is 12797 a prime number?
False
Is 486281 prime?
True
Is 47351 a composite number?
False
Is 204857 a composite number?
False
Is 1973 a composite number?
False
Is 6731 a composite number?
True
Is 2317 a prime number?
False
Is 615521 a prime number?
True
Is 32687 prime?
True
Is 7121 a composite number?
False
Is 3847 composite?
False
Is 72139 composite?
False
Is 7607 a composite number?
False
Is 2571 a prime number?
False
Is 24623 a composite number?
False
Is 9383 prime?
False
Is 303469 prime?
True
Is 137219 a prime number?
True
Is 6038393 a prime number?
True
Is 56841 a prime number?
False
Is 864091 a composite number?
False
Is 8657 a composite number?
True
Is 1566067 a prime number?
False
Is 1201 composite?
False
Is 664319 prime?
True
Is 155 a prime number?
False
Is 215157 a composite number?
True
Is 153107 composite?
False
Is 11029 composite?
True
Is 80273 a composite number?
False
Is 39011 composite?
True
Is 531457 a prime number?
True
Is 50361 a composite number?
True
Is 11341 a composite number?
True
Is 510313 prime?
False
Is 53377 a composite number?
False
Is 521 a composite number?
False
Is 24469 a prime number?
True
Is 29297 a composite number?
False
Is 1717 a prime number?
False
Is 51827 prime?
True
Is 28559 prime?
True
Is 17999 composite?
True
Is 17519 a prime number?
True
Is 43033 a prime number?
False
Is 253447 a composite number?
False
Is 28889 prime?
False
Is 5347 a prime number?
True
Is 948307 composite?
True
Is 278221 prime?
False
Is 91558 a prime number?
False
Is 275698 a composite number?
True
Is 315349 a prime number?
True
Is 244339 a prime number?
True
Is 1903 prime?
False
Is 5623 a prime number?
True
Is 34311 composite?
True
Is 1069 a prime number?
True
Is 971 prime?
True
Is 24557 prime?
False
Is 101681 a prime number?
True
Is 10111 a composite number?
False
Is 11885 composite?
True
Is 38373 a prime number?
False
Is 1982951 a prime number?
True
Is 90617 prime?
True
Is 1213 a prime number?
True
Is 771 a prime number?
False
Is 22 a composite number?
True
Is 1499413 composite?
False
Is 4621 composite?
False
Is 32491 prime?
True
Is 10231 prime?
False
Is 58009 prime?
False
Is 1649 a prime number?
False
Is 83339 a composite number?
False
Is 167839 composite?
True
Is 40393 a prime number?
False
Is 22613 composite?
False
Is 61127 a composite number?
True
Is 328477 a prime number?
False
Is 9923 prime?
True
Is 35522 a prime number?
False
Is 98963 prime?
True
Is 17555 a prime number?
False
Is 132421 a composite number?
False
Is 21101 a prime number?
True
Is 789653 composite?
False
Is 39218 a prime number?
False
Is 15833 a composite number?
True
Is 55379 a composite number?
True
Is 80099 a composite number?
True
Is 154229 composite?
False
Is 58831 a prime number?
True
Is 1173247 a prime number?
False
Is 22669 a composite number?
False
Is 35831 composite?
False
Is 3811 composite?
True
Is 763123 a prime number?
True
Is 93259 a composite number?
True
Is 10378 prime?
False
Is 11249 composite?
True
Is 20014 a composite number?
True
Is 54761 a composite number?
True
Is 176941 composite?
True
Is 12007 prime?
True
Is 308051 prime?
True
Is 1548121 composite?
False
Is 79589 a composite number?
False
Is 3532997 a prime number?
False
Is 118453 a composite number?
False
Is 313637 prime?
True
Is 10991 a composite number?
True
Is 21005 a composite number?
True
Is 43739 prime?
False
Is 403933 a prime number?
True
Is 863599 prime?
False
Is 58639 prime?
False
Is 289223 a prime number?
False
Is 559631 prime?
True
Is 74489 a composite number?
False
Is 21453 a composite number?
True
Is 36061 prime?
True
Is 96389 a composite number?
True
Is 2033 prime?
False
Is 128987 prime?
True
Is 1486857 a composite number?
True
Is 549271 composite?
True
Is 617359 a prime number?
True
Is 113107 a composite number?
True
Is 383693 composite?
False
Is 39499 composite?
False
Is 191381 a prime number?
False
Is 23755 composite?
True
Is 138727 composite?
False
Is 9589 prime?
False
Is 1637 composite?
False
Is 55921 a composite number?
False
Is 6607 a prime number?
True
Is 20849 composite?
False
Is 114151 prime?
False
Is 24721 a composite number?
True
Is 4771 composite?
True
Is 6421 a prime number?
True
Is 150901 a composite number?
False
Is 839219 a composite number?
True
Is 13793 composite?
True
Is 717109 a composite number?
False
Is 4971 a composite number?
True
Is 1883 a prime number?
False
Is 13229 composite?
False
Is 42591 prime?
False
Is 208667 a composite number?
False
Is 823127 a prime number?
True
Is 55393 a prime number?
False
Is 14441 a prime number?
False
Is 198179 composite?
False
Is 11851 a prime number?
False
Is 262381 prime?
False
Is 669787 composite?
False
Is 553 composite?
True
Is 470077 a prime number?
True
Is 25061 prime?
False
Is 130003 a prime number?
True
Is 7171 a composite number?
True
Is 10753 a prime number?
True
Is 14829 a prime number?
False
Is 719483 prime?
True
Is 1919 prime?
False
Is 21269 a composite number?
False
Is 16637 prime?
False
Is 442477 a composite number?
True
Is 258413 a p